{"id":1228,"date":"2023-06-28T15:57:29","date_gmt":"2023-06-28T06:57:29","guid":{"rendered":"https:\/\/yamashita-osamu.com\/?page_id=1228"},"modified":"2023-06-28T16:13:12","modified_gmt":"2023-06-28T07:13:12","slug":"for-foreigner","status":"publish","type":"page","link":"https:\/\/yamashita-osamu.com\/?page_id=1228","title":{"rendered":"For Foreigner(D\u00e0nh cho ng\u01b0\u1eddi n\u01b0\u1edbc ngo\u00e0i)"},"content":{"rendered":"\n<p class=\"has-text-align-center has-vivid-cyan-blue-color has-text-color has-medium-font-size\">We are administrative scriveners\uff08GYOSEISHOSHI\uff09 specializing<\/p>\n\n\n\n<p class=\"has-text-align-center has-vivid-cyan-blue-color has-text-color has-medium-font-size\">in Immigration.<\/p>\n\n\n\n<p class=\"has-text-align-center has-cyan-bluish-gray-color has-text-color\">Ch\u00fang t\u00f4i l\u00e0 nh\u1eefng ng\u01b0\u1eddi scrivener h\u00e0nh ch\u00ednh\uff08GYOSEISHOSHI\uff09 chuy\u00ean trong Nh\u1eadp c\u01b0<\/p>\n\n\n\n<div class=\"wp-block-columns is-layout-flex wp-container-3\">\n<div class=\"wp-block-column is-layout-flow\"><div class=\"wp-block-image\">\n<figure class=\"alignright size-large is-resized\"><img decoding=\"async\" loading=\"lazy\" src=\"https:\/\/yamashita-osamu.com\/wp-content\/uploads\/2023\/06\/ZAIRYUUSIKAKUNINNTEISHOUMEISHO-768x1024.jpg\" alt=\"\" class=\"wp-image-1230\" width=\"203\" height=\"270\" srcset=\"https:\/\/yamashita-osamu.com\/wp-content\/uploads\/2023\/06\/ZAIRYUUSIKAKUNINNTEISHOUMEISHO-768x1024.jpg 768w, https:\/\/yamashita-osamu.com\/wp-content\/uploads\/2023\/06\/ZAIRYUUSIKAKUNINNTEISHOUMEISHO-225x300.jpg 225w, https:\/\/yamashita-osamu.com\/wp-content\/uploads\/2023\/06\/ZAIRYUUSIKAKUNINNTEISHOUMEISHO.jpg 1108w\" sizes=\"(max-width: 203px) 100vw, 203px\" \/><\/figure><\/div><\/div>\n\n\n\n<div class=\"wp-block-column is-layout-flow\"><div class=\"wp-block-image\">\n<figure class=\"alignleft size-full is-resized\"><img decoding=\"async\" loading=\"lazy\" src=\"https:\/\/yamashita-osamu.com\/wp-content\/uploads\/2023\/06\/2e2de35ae22a23c11c71c779cf2ff270.png\" alt=\"\" class=\"wp-image-1229\" width=\"405\" height=\"259\" srcset=\"https:\/\/yamashita-osamu.com\/wp-content\/uploads\/2023\/06\/2e2de35ae22a23c11c71c779cf2ff270.png 886w, https:\/\/yamashita-osamu.com\/wp-content\/uploads\/2023\/06\/2e2de35ae22a23c11c71c779cf2ff270-300x192.png 300w, https:\/\/yamashita-osamu.com\/wp-content\/uploads\/2023\/06\/2e2de35ae22a23c11c71c779cf2ff270-768x492.png 768w\" sizes=\"(max-width: 405px) 100vw, 405px\" \/><\/figure><\/div><\/div>\n<\/div>\n\n\n\n<p class=\"has-black-color has-text-color\">\u30fbApplication for &#8220;Certificate of Eligibility&#8221;\u3000\uff08\u5728\u7559\u8cc7\u683c\u8a8d\u5b9a\u8a3c\u660e\u66f8\u4ea4\u4ed8\u7533\u8acb\uff09<\/p>\n\n\n\n<p class=\"has-cyan-bluish-gray-color has-text-color\">\u30fb&#8221;\u0110\u01a1n xin c\u1ea5p Gi\u1ea5y ch\u1ee9ng nh\u1eadn \u0111\u1ee7 \u0111i\u1ec1u ki\u1ec7n&#8221;<\/p>\n\n\n\n<p>\u30fbApplication for \u201dChange of Status of Residence&#8221;\u3000\uff08\u5728\u7559\u8cc7\u683c\u5909\u66f4\u8a31\u53ef\u7533\u8acb\uff09<\/p>\n\n\n\n<p class=\"has-cyan-bluish-gray-color has-text-color\">\u30fb&#8221;\u0110\u01a1n xin thay \u0111\u1ed5i t\u01b0 c\u00e1ch l\u01b0u tr\u00fa&#8221;<\/p>\n\n\n\n<p>\u30fbApplication for &#8220;Extension of Period of Stay&#8221;\u3000\uff08\u5728\u7559\u8cc7\u683c\u66f4\u65b0\u8a31\u53ef\u7533\u8acb\uff09<\/p>\n\n\n\n<p class=\"has-cyan-bluish-gray-color has-text-color\">\u30fb&#8221;\u0110\u01a1n xin gia h\u1ea1n t\u01b0 c\u00e1ch l\u01b0u tr\u00fa&#8221;<\/p>\n\n\n\n<p>\u30fbApplication for &#8220;Permission to Acquire of Status of Residence&#8221;\u3000\uff08\u5728\u7559\u8cc7\u683c\u53d6\u5f97\u8a31\u53ef\u7533\u8acb\uff09<\/p>\n\n\n\n<p class=\"has-cyan-bluish-gray-color has-text-color\">\u30fb&#8221;\u0110\u01a1n xin ph\u00e9p c\u00f3 \u0111\u01b0\u1ee3c t\u00ecnh tr\u1ea1ng c\u01b0 tr\u00fa&#8221;<\/p>\n\n\n\n<p>\u30fbApplication for &#8220;Certificate of Authorized Employment&#8221;\u3000\uff08\u5c31\u52b4\u8cc7\u683c\u8a3c\u660e\u66f8\u4ea4\u4ed8\u7533\u8acb\uff09<\/p>\n\n\n\n<p class=\"has-cyan-bluish-gray-color has-text-color\">\u30fb&#8221;\u0110\u01a1n xin c\u1ea5p gi\u1ea5y ch\u1ee9ng nh\u1eadn \u0111\u1ee7 \u0111i\u1ec1u ki\u1ec7n lao \u0111\u1ed9ng&#8221;<\/p>\n\n\n\n<p>\u30fbApplication for &#8220;Permission to engage in an Activity Other Than That Permitted under the Status of Residence Previously Granted&#8221;\uff08\u8cc7\u683c\u5916\u6d3b\u52d5\u8a31\u53ef\u7533\u8acb\uff09<\/p>\n\n\n\n<p class=\"has-cyan-bluish-gray-color has-text-color\">\u30fb&#8221;\u0110\u01a1n xin ph\u00e9p tham gia v\u00e0o ho\u1ea1t \u0111\u1ed9ng kh\u00e1c v\u1edbi ho\u1ea1t \u0111\u1ed9ng \u0111\u01b0\u1ee3c cho ph\u00e9p theo t\u00ecnh tr\u1ea1ng c\u01b0 tr\u00fa \u0111\u00e3 \u0111\u01b0\u1ee3c c\u1ea5p tr\u01b0\u1edbc \u0111\u00f3&#8221;<\/p>\n\n\n\n<hr class=\"wp-block-separator has-alpha-channel-opacity\"\/>\n\n\n\n<p>Those who want to change your residence VISA from Technical intern trainees\uff08GINOUJISSYUUSEI\uff09 to Specific skills\uff08TOKUTEIGINOU\uff09<\/p>\n\n\n\n<p>Those who want to change jobs in JAPAN<\/p>\n\n\n\n<p>International students who want to work part-time<\/p>\n\n\n\n<p>Those who have qualifications such as engineers and interpreters and are looking for work<\/p>\n\n\n\n<p class=\"has-cyan-bluish-gray-color has-text-color\">Nh\u1eefng ng\u01b0\u1eddi mu\u1ed1n thay \u0111\u1ed5i VISA c\u01b0 tr\u00fa c\u1ee7a b\u1ea1n t\u1eeb Th\u1ef1c t\u1eadp sinh k\u1ef9 n\u0103ng\uff08GINOUJISSYUUSEI\uff09 sang K\u1ef9 n\u0103ng c\u1ee5 th\u1ec3\uff08TOKUTEIGINOU\uff09<\/p>\n\n\n\n<p class=\"has-cyan-bluish-gray-color has-text-color\">Nh\u1eefng ng\u01b0\u1eddi mu\u1ed1n thay \u0111\u1ed5i c\u00f4ng vi\u1ec7c t\u1ea1i NH\u1eacT B\u1ea2N<\/p>\n\n\n\n<p class=\"has-cyan-bluish-gray-color has-text-color\">Sinh vi\u00ean qu\u1ed1c t\u1ebf mu\u1ed1n l\u00e0m vi\u1ec7c b\u00e1n th\u1eddi gian<\/p>\n\n\n\n<p class=\"has-cyan-bluish-gray-color has-text-color\">Nh\u1eefng ng\u01b0\u1eddi c\u00f3 b\u1eb1ng c\u1ea5p nh\u01b0 k\u1ef9 s\u01b0, th\u00f4ng d\u1ecbch vi\u00ean v\u00e0 \u0111ang t\u00ecm vi\u1ec7c<\/p>\n\n\n\n<hr class=\"wp-block-separator has-alpha-channel-opacity\"\/>\n\n\n\n<p class=\"has-text-align-center\">We support foreigners and international students who want to work in Japan.<\/p>\n\n\n\n<p class=\"has-text-align-center\">Please feel free to contact us.<\/p>\n\n\n\n<p class=\"has-text-align-center has-cyan-bluish-gray-color has-text-color\">Ch\u00fang t\u00f4i h\u1ed7 tr\u1ee3 ng\u01b0\u1eddi n\u01b0\u1edbc ngo\u00e0i v\u00e0 sinh vi\u00ean qu\u1ed1c t\u1ebf mu\u1ed1n l\u00e0m vi\u1ec7c t\u1ea1i Nh\u1eadt B\u1ea3n.<\/p>\n\n\n\n<p class=\"has-text-align-center has-cyan-bluish-gray-color has-text-color\">Xin c\u1ee9 tho\u1ea3i m\u00e1i li\u00ean l\u1ea1c v\u1edbi ch\u00fang t\u00f4i.<\/p>\n\n\n<div class=\"wp-block-image\">\n<figure class=\"aligncenter size-full\"><img decoding=\"async\" loading=\"lazy\" width=\"800\" height=\"400\" src=\"https:\/\/yamashita-osamu.com\/wp-content\/uploads\/2023\/04\/10-examples-of-improving-office-work-efficiency-Lets-think-about-how-to-improve-office-work-efficiency-from-examples.jpg\" alt=\"\" class=\"wp-image-1085\" srcset=\"https:\/\/yamashita-osamu.com\/wp-content\/uploads\/2023\/04\/10-examples-of-improving-office-work-efficiency-Lets-think-about-how-to-improve-office-work-efficiency-from-examples.jpg 800w, https:\/\/yamashita-osamu.com\/wp-content\/uploads\/2023\/04\/10-examples-of-improving-office-work-efficiency-Lets-think-about-how-to-improve-office-work-efficiency-from-examples-300x150.jpg 300w, https:\/\/yamashita-osamu.com\/wp-content\/uploads\/2023\/04\/10-examples-of-improving-office-work-efficiency-Lets-think-about-how-to-improve-office-work-efficiency-from-examples-768x384.jpg 768w\" sizes=\"(max-width: 800px) 100vw, 800px\" \/><\/figure><\/div>\n\n\n<div class=\"wp-block-buttons is-content-justification-center is-layout-flex wp-container-4\">\n<div class=\"wp-block-button has-custom-font-size has-medium-font-size\"><a class=\"wp-block-button__link wp-element-button\" href=\"tel:0567-31-7566\">Talk on the Phone<\/a><\/div>\n\n\n\n<div class=\"wp-block-button has-custom-font-size has-medium-font-size\"><a class=\"wp-block-button__link wp-element-button\" href=\"https:\/\/yamashita-osamu.com\/?page_id=436\">Ask on Mail<\/a><\/div>\n<\/div>\n<div class=\"veu_socialSet veu_socialSet-position-after veu_contentAddSection\"><script>window.twttr=(function(d,s,id){var js,fjs=d.getElementsByTagName(s)[0],t=window.twttr||{};if(d.getElementById(id))return t;js=d.createElement(s);js.id=id;js.src=\"https:\/\/platform.twitter.com\/widgets.js\";fjs.parentNode.insertBefore(js,fjs);t._e=[];t.ready=function(f){t._e.push(f);};return t;}(document,\"script\",\"twitter-wjs\"));<\/script><ul><li class=\"sb_facebook sb_icon\"><a class=\"sb_icon_inner\" href=\"\/\/www.facebook.com\/sharer.php?src=bm&u=https%3A%2F%2Fyamashita-osamu.com%2F%3Fpage_id%3D1228&amp;t=%E5%A4%96%E5%9B%BD%E4%BA%BA%E9%9B%87%E7%94%A8SOS%E3%82%BB%E3%83%B3%E3%82%BF%E3%83%BC%E3%80%80%E3%81%8A%E5%95%8F%E3%81%84%E5%90%88%E3%82%8F%E3%81%9B%EF%BC%9A0567-31-7566\" target=\"_blank\" onclick=\"window.open(this.href,'FBwindow','width=650,height=450,menubar=no,toolbar=no,scrollbars=yes');return false;\"><span class=\"vk_icon_w_r_sns_fb icon_sns\"><\/span><span class=\"sns_txt\">Facebook<\/span><span class=\"veu_count_sns_fb\"><\/span><\/a><\/li><li class=\"sb_twitter sb_icon\"><a class=\"sb_icon_inner\" href=\"\/\/twitter.com\/intent\/tweet?url=https%3A%2F%2Fyamashita-osamu.com%2F%3Fpage_id%3D1228&amp;text=%E5%A4%96%E5%9B%BD%E4%BA%BA%E9%9B%87%E7%94%A8SOS%E3%82%BB%E3%83%B3%E3%82%BF%E3%83%BC%E3%80%80%E3%81%8A%E5%95%8F%E3%81%84%E5%90%88%E3%82%8F%E3%81%9B%EF%BC%9A0567-31-7566\" target=\"_blank\" ><span class=\"vk_icon_w_r_sns_twitter icon_sns\"><\/span><span class=\"sns_txt\">twitter<\/span><\/a><\/li><li class=\"sb_hatena sb_icon\"><a class=\"sb_icon_inner\" href=\"\/\/b.hatena.ne.jp\/add?mode=confirm&url=https%3A%2F%2Fyamashita-osamu.com%2F%3Fpage_id%3D1228&amp;title=%E5%A4%96%E5%9B%BD%E4%BA%BA%E9%9B%87%E7%94%A8SOS%E3%82%BB%E3%83%B3%E3%82%BF%E3%83%BC%E3%80%80%E3%81%8A%E5%95%8F%E3%81%84%E5%90%88%E3%82%8F%E3%81%9B%EF%BC%9A0567-31-7566\" target=\"_blank\"  onclick=\"window.open(this.href,'Hatenawindow','width=650,height=450,menubar=no,toolbar=no,scrollbars=yes');return false;\"><span class=\"vk_icon_w_r_sns_hatena icon_sns\"><\/span><span class=\"sns_txt\">Hatena<\/span><span class=\"veu_count_sns_hb\"><\/span><\/a><\/li><li class=\"sb_pocket sb_icon\"><a class=\"sb_icon_inner\"  href=\"\/\/getpocket.com\/edit?url=https%3A%2F%2Fyamashita-osamu.com%2F%3Fpage_id%3D1228&title=%E5%A4%96%E5%9B%BD%E4%BA%BA%E9%9B%87%E7%94%A8SOS%E3%82%BB%E3%83%B3%E3%82%BF%E3%83%BC%E3%80%80%E3%81%8A%E5%95%8F%E3%81%84%E5%90%88%E3%82%8F%E3%81%9B%EF%BC%9A0567-31-7566\" target=\"_blank\"  onclick=\"window.open(this.href,'Pokcetwindow','width=650,height=450,menubar=no,toolbar=no,scrollbars=yes');return false;\"><span class=\"vk_icon_w_r_sns_pocket icon_sns\"><\/span><span class=\"sns_txt\">Pocket<\/span><span class=\"veu_count_sns_pocket\"><\/span><\/a><\/li><li class=\"sb_copy sb_icon\"><button class=\"copy-button sb_icon_inner\"data-clipboard-text=\"\u5916\u56fd\u4eba\u96c7\u7528SOS\u30bb\u30f3\u30bf\u30fc\u3000\u304a\u554f\u3044\u5408\u308f\u305b\uff1a0567-31-7566 https:\/\/yamashita-osamu.com\/?page_id=1228\"><span class=\"vk_icon_w_r_sns_copy icon_sns\"><i class=\"fas fa-copy\"><\/i><\/span><span class=\"sns_txt\">Copy<\/span><\/button><\/li><\/ul><\/div><!-- [ \/.socialSet ] -->","protected":false},"excerpt":{"rendered":"<p>We are administrative scriveners\uff08GYOSEISHOSHI\uff09 specializing in Immigration. Ch\u00fang t\u00f4i l\u00e0 nh\u1eefng ng\u01b0\u1eddi scrivener [&hellip;]<\/p>\n","protected":false},"author":1,"featured_media":0,"parent":0,"menu_order":0,"comment_status":"closed","ping_status":"closed","template":"","meta":{"vkexunit_cta_each_option":""},"_links":{"self":[{"href":"https:\/\/yamashita-osamu.com\/index.php?rest_route=\/wp\/v2\/pages\/1228"}],"collection":[{"href":"https:\/\/yamashita-osamu.com\/index.php?rest_route=\/wp\/v2\/pages"}],"about":[{"href":"https:\/\/yamashita-osamu.com\/index.php?rest_route=\/wp\/v2\/types\/page"}],"author":[{"embeddable":true,"href":"https:\/\/yamashita-osamu.com\/index.php?rest_route=\/wp\/v2\/users\/1"}],"replies":[{"embeddable":true,"href":"https:\/\/yamashita-osamu.com\/index.php?rest_route=%2Fwp%2Fv2%2Fcomments&post=1228"}],"version-history":[{"count":9,"href":"https:\/\/yamashita-osamu.com\/index.php?rest_route=\/wp\/v2\/pages\/1228\/revisions"}],"predecessor-version":[{"id":1244,"href":"https:\/\/yamashita-osamu.com\/index.php?rest_route=\/wp\/v2\/pages\/1228\/revisions\/1244"}],"wp:attachment":[{"href":"https:\/\/yamashita-osamu.com\/index.php?rest_route=%2Fwp%2Fv2%2Fmedia&parent=1228"}],"curies":[{"name":"wp","href":"https:\/\/api.w.org\/{rel}","templated":true}]}}